hat is -210000 - 12?
-210012
In base 6, what is 0 - -120552?
120552
In base 2, what is 11110101011011 + -1011?
11110101010000
In base 8, what is 2 + 246716?
246720
In base 2, what is -10011100 + 1101101001?
1011001101
In base 8, what is 16267 + -415?
15652
In base 10, what is 7567 + 56?
7623
In base 2, what is -10101011110001 - 1000?
-10101011111001
In base 9, what is 21683 + 4?
21687
In base 3, what is 222 + -1020201221?
-1020200222
In base 9, what is -11585 - 66?
-11662
In base 13, what is -91b2 - 60?
-9242
In base 4, what is -101203132 - -123?
-101203003
In base 16, what is 5 + -ced?
-ce8
In base 5, what is 234223 - -103?
234331
In base 15, what is -bd + -a55?
-b23
In base 5, what is 10 - 2003410?
-2003400
In base 2, what is 10010010111110000110 - 110?
10010010111110000000
In base 6, what is -1340 + -422?
-2202
In base 13, what is 5 + -7b4ac?
-7b4a7
In base 6, what is -25041202 + -5?
-25041211
In base 4, what is 302 + 20213023?
20213331
In base 11, what is -135 - 1327?
-1461
In base 15, what is -47a + -3b?
-4b6
In base 7, what is 243 - -4423?
4666
In base 5, what is -1044 - -10?
-1034
In base 5, what is -12330223 + 10?
-12330213
In base 15, what is 0 - -3c1?
3c1
In base 7, what is -13034 + -126?
-13163
In base 10, what is -2238 - 35?
-2273
In base 13, what is -5 - -2ba31?
2ba29
In base 8, what is 16 + 154704?
154722
In base 5, what is -42122 - -23?
-42044
In base 4, what is -332323323 - -120?
-332323203
In base 12, what is 15867 - -2a?
15895
In base 5, what is -2004 - 12031?
-14040
In base 14, what is 96 + 5754?
580a
In base 9, what is 1 + 17201?
17202
In base 8, what is 2 + 25334?
25336
In base 13, what is 292bba + 1?
292bbb
In base 16, what is 2 - 1dc381?
-1dc37f
In base 14, what is -11 + 4ad?
49c
In base 16, what is 24 - -51?
75
In base 16, what is -258c9 - e?
-258d7
In base 15, what is 51 + -7ec?
-79b
In base 5, what is 220043 - -10?
220103
In base 11, what is 1373 + 2?
1375
In base 7, what is 21121 + 121?
21242
In base 6, what is 11505 - 12?
11453
In base 16, what is -1613bd - 0?
-1613bd
In base 9, what is -627 + -832?
-1560
In base 16, what is 87ed - 0?
87ed
In base 2, what is 100011110010001111001110 - 1?
100011110010001111001101
In base 9, what is -588 - 5?
-604
In base 11, what is -4 - 167050?
-167054
In base 16, what is -15 + -d32e?
-d343
In base 14, what is 0 - -44a1?
44a1
In base 8, what is 2 + -1320612?
-1320610
In base 10, what is 68495 - 12?
68483
In base 13, what is 286b + -1c?
284c
In base 8, what is 162 + -25470?
-25306
In base 5, what is -1133 + -3200?
-4333
In base 8, what is -3411 + -43?
-3454
In base 10, what is -2431 - -15?
-2416
In base 9, what is 1003 - 2?
1001
In base 13, what is -53710 + -4?
-53714
In base 12, what is -15b6b + 0?
-15b6b
In base 14, what is -1 + -52a?
-52b
In base 16, what is 11c - -3e?
15a
In base 4, what is -2111233 + 103?
-2111130
In base 12, what is -5 + -317?
-320
In base 5, what is -33242 + -213?
-34010
In base 4, what is 102 - 23222231?
-23222123
In base 8, what is 12 - -105006?
105020
In base 11, what is -15a2 + -4?
-15a6
In base 7, what is -3 - 3000123?
-3000126
In base 16, what is 4aa - -3ed?
897
In base 11, what is -1505482 - 2?
-1505484
In base 11, what is 25 - 7a9?
-784
In base 2, what is -1000010100011 - -10101?
-1000010001110
In base 13, what is 7b744 - 9?
7b738
In base 9, what is -38745 - -75?
-38660
In base 16, what is -1 - -1f674?
1f673
In base 11, what is 8 - 73173?
-73166
In base 13, what is -2 + 7784?
7782
In base 13, what is -56956 + -9?
-56962
In base 3, what is -2110210 + 200112?
-1210021
In base 15, what is b4c - 56?
ae6
In base 8, what is 15 + 34175?
34212
In base 16, what is 24ab6 + -2?
24ab4
In base 8, what is -33144 - 143?
-33307
In base 12, what is -314bb - 2?
-31501
In base 9, what is 21 - 12181?
-12160
In base 5, what is -201234 + -3?
-201242
In base 10, what is -24536 - -3?
-24533
In base 4, what is -113 + -300312?
-301031
In base 5, what is 1034441 - -22?
1040013
In base 11, what is 20814 - -28?
20841
In base 15, what is -2379d + -9?
-237a7
In base 7, what is 415 - 3453?
-3035
In base 8, what is 4 + -2174?
-2170
In base 4, what is -12 - 213002?
-213020
In base 7, what is 21314 - 152?
21132
In base 6, what is 214122 - -1?
214123
In base 4, what is 2002202 - -11?
2002213
In base 10, what is -957 - 55?
-1012
In base 15, what is 2 - 8d74?
-8d72
In base 15, what is -9 + -27d1?
-27da
In base 8, what is -14 - -1102020?
1102004
In base 10, what is -5 - 34048?
-34053
In base 2, what is -111 - 1110101010011011?
-1110101010100010
In base 14, what is -1710 + 8?
-1706
In base 8, what is 31 - 2541?
-2510
In base 14, what is 5 + c1b?
c22
In base 11, what is -11854 - -4?
-11850
In base 9, what is 1 - -55504?
55505
In base 11, what is 4 + -4a87?
-4a83
In base 6, what is 2313 - 521?
1352
In base 13, what is 4 - 63422?
-6341b
In base 10, what is -1 + 6071?
6070
In base 5, what is -112020 + 31?
-111434
In base 3, what is 200210 + -1001?
122202
In base 5, what is 1434103 + 43?
1434201
In base 9, what is 2 - 52234?
-52232
In base 8, what is -20002 + 54?
-17726
In base 4, what is -323113310 + -130?
-323120100
In base 6, what is 1044 + 35?
1123
In base 8, what is 516006 + 4?
516012
In base 11, what is a6 + 9682?
9778
In base 11, what is -135 + -95?
-21a
In base 15, what is -18343 + -1?
-18344
In base 14, what is -52 + -6b?
-bd
In base 3, what is -220 + 10002011200?
10002010210
In base 10, what is -97 + -294?
-391
In base 3, what is 2112 + -2022001?
-2012112
In base 5, what is 3032 + -1413?
1114
In base 15, what is 13 + b5a?
b6d
In base 7, what is -4 + 114345?
114341
In base 10, what is -38 - 1022?
-1060
In base 10, what is 290 + -55?
235
In base 8, what is -2 - -4670?
4666
In base 5, what is -4 - 222221020?
-222221024
In base 9, what is 3150386 - 4?
3150382
In base 16, what is 7117 + 5?
711c
In base 2, what is -11 - 1100110100011?
-1100110100110
In base 14, what is 34d5 - 1?
34d4
In base 9, what is 274 + -64?
210
In base 14, what is 1 + 749aa?
749ab
In base 3, what is -10121201200 - -101?
-10121201022
In base 4, what is -1231233 - -332?
-1230301
In base 16, what is -c + 19fc?
19f0
In base 3, what is -2220 + 1110122102?
1110112112
In base 2, what is 10 + -1100001110?
-1100001100
In base 12, what is -53004 + 3?
-53001
In base 2, what is -101 + -1010001100011111010?
-1010001100011111111
In base 15, what is -180c + 4?
-1808
In base 7, what is 322 + 230?
552
In base 11, what is -72 + -268?
-32a
In base 5, what is -104104 + -22?
-104131
In base 7, what is -144155 + 40?
-144115
In base 6, what is 35155 - 0?
35155
In base 4, what is 2113223 + 13131?
2133020
In base 14, what is 528 + 1a0c?
2136
In base 14, what is 5741 + -4?
573b
In base 15, what is -645 - -3a?
-60a
In base 7, what is 4600 + 12?
4612
In base 7, what is -122046 - -110?
-121636
In base 16, what is -4 + -153b?
-153f
In base 15, what is 1643 + -d?
1635
In base 7, what is 1365 - 4?
1361
In base 5, what is -114003 + -243?
-114301
In base 3, what is -200011102 - -21?
-200011011
In base 16, what is 5f4 + -5?
5ef
In base 7, what is -6054 + 45?
-6006
In base 5, what is 40 + 1104140?
1104230
In base 5, what is -324421 - -301?
-324120
In base 4, what is 11 - 300202020?
-300202003
In base 4, what is 1 + -10203203032?
-10203203031
In base 15, what is 15371b + -1?
15371a
In base 15, what is -34 - -522e?
51ea
In base 3, what is -1220001 + 10?
-1212221
In base 7, what is 11344 + 26?
11403
In base 6, what is -3134300 - 12?
-3134312
In base 3, what is 12 + -122102220?
-122102201
In base 12, what is -916038 + -3?
-91603b
In base 9, what is -244885 + -2?
-244887
In base 14, what is -15b532 - 4?
-15b536
In base 16, what is -2072 - 9?
-207b
In base 14, what is -2 + -a2c3d?
-a2c41
In base 3, what is 10121020 - -10020?
10201110
In base 15, what is 3004 + -3?
3001
In base 6, what is 24 - -52401?
52425
In base 13, what is 31b - 22?
2c9
In base 4, what is 3013131012 - 1?
3013131011
In base 2, what is -110 + -10000100101100?
-10000100110010
In base 14, what is 2b - -1cc37?
1cc64
In base 14, what is -5b38 + 1?
-5b37
In base 7, what is 5 - 151445?
-151440
In base 8, what is -270 + -12255?
-12545
In base 7, what is 55022 - -15?
55040
In base 8, what is 31020 - 41?
30757
In base 11, what is -9a68 + -4?
-9a71
In base 10, what is 3 + -9763?
-9760
In base 4, wh